{"id":57,"date":"2017-02-28T21:07:29","date_gmt":"2017-02-28T20:07:29","guid":{"rendered":"http:\/\/www.triumfsrdca.sk\/?page_id=57"},"modified":"2024-08-28T14:23:31","modified_gmt":"2024-08-28T12:23:31","slug":"predhovor","status":"publish","type":"page","link":"http:\/\/www.triumfsrdca.sk\/","title":{"rendered":"O knihe"},"content":{"rendered":"<p>Pri pr\u00edle\u017eitosti <strong>100. v\u00fdro\u010dia zjaven\u00ed Panny M\u00e1rie vo Fatime<\/strong> (13. m\u00e1ja \u2013 13. okt\u00f3bra 1917) vydal <strong>In\u0161tit\u00fat sv\u00e4t\u00e9ho Franti\u0161ka Salesk\u00e9ho<\/strong> knihu s\u00a0n\u00e1zvom <strong><em>Triumf Srdca<\/em>. <\/strong><\/p>\n<p><strong>Ve\u013ek\u00e1 unik\u00e1tnos\u0165 tejto knihy spo\u010d\u00edva <\/strong>v tom, \u017ee okrem toho, \u017ee ve\u013emi dobre vykres\u013euje cel\u00fd priebeh zjaven\u00ed a zjaven\u00e9ho tajomstva, vysvet\u013euje aj z\u00e1kladn\u00e9 body, piliere t\u00fdchto zjaven\u00ed, <strong>\u010do znamenaj\u00fa pre \u017eivot kres\u0165ana,<\/strong> a <strong>\u010do by mal robi\u0165 a \u010do zanecha\u0165 na v\u00e4\u010d\u0161iu Bo\u017eiu \u010des\u0165 a sl\u00e1vu a na spasenie svojej du\u0161e.<\/strong><\/p>\n<p><strong>Je p\u00edsan\u00e1 ve\u013emi p\u00fatav\u00fdm sp\u00f4sobom <\/strong>a vtiahne \u010ditate\u013ea do deja. Z\u00e1rove\u0148 je to \u013eahk\u00e9 a zauj\u00edmav\u00e9 <strong>\u010d\u00edtanie pre ka\u017ed\u00e9ho<\/strong>, tak teol\u00f3ga, ako i veriaci \u013eud.<\/p>\n<p>Kniha <em>Triumf Srdca<\/em> je nesmierne <strong>motivuj\u00faca<\/strong>. \u010clovek v nej pochop\u00ed ve\u013ekos\u0165 a <strong>d\u00f4le\u017eitos\u0165 osobnej obety a modlitby<\/strong>, najm\u00e4 modlitby posv\u00e4tn\u00e9ho <strong>ru\u017eenca<\/strong>. Za\u010dn\u00fa mu d\u00e1va\u0165 v\u00e4\u010d\u0161\u00ed zmysel jeho osobn\u00e9 ka\u017edodenn\u00e9 kr\u00ed\u017ee a dozvie sa, ako \u013eahko ich m\u00f4\u017ee premeni\u0165 na nie\u010do ve\u013ek\u00e9, ak ich s l\u00e1skou prijme a obetuje na spr\u00e1vny \u00famysel. Pri\u010dom nejde ani tak o\u00a0ve\u013ekos\u0165 kr\u00ed\u017ea, ako <strong>o\u00a0ve\u013ekos\u0165 l\u00e1sky<\/strong>, s\u00a0ktorou \u010dlovek svoj kr\u00ed\u017e prij\u00edma. Jeho \u017eivot nebude \u013eah\u0161\u00ed, no <strong>jeho ka\u017edodenn\u00e9 utrpenie mu d\u00e1 zmysel.<\/strong><\/p>\n<p><strong>Na\u0161a nebesk\u00e1 Matka n\u00e1s vyz\u00fdva kona\u0165.<\/strong> Vyz\u00fdva n\u00e1s na pok\u00e1nie, zmenu \u017eivota, obr\u00e1tenie, ka\u017edodenn\u00fa modlitbu posv\u00e4tn\u00e9ho ru\u017eenca, <strong>na \u0161\u00edrenie \u00facty k<\/strong><strong> Najsv\u00e4tej\u0161iemu Srdcu Je\u017ei\u0161ovmu skrze<\/strong><strong> jej Nepo\u0161kvrnen\u00e9 Srdcu<\/strong> a pobo\u017enosti piatich prv\u00fdch sob\u00f4t v mesiaci na \u00famysel od\u010dinenia piatich ur\u00e1\u017eok vo\u010di jej Nepo\u0161kvrnen\u00e9mu Srdcu.<\/p>\n<p><strong>Kniha<\/strong> <strong><em>Triumf Srdca<\/em><\/strong> m\u00e1 cirkevn\u00e9 schv\u00e1lenie (<strong>Imprimatur<\/strong>), ktor\u00e9 jej udelil\u00a0<strong>bratislavsk\u00fd arcibiskup <\/strong>metropolita\u00a0<strong>Mons. Stanislav<\/strong> <strong>Zvolensk\u00fd<\/strong>. <strong>Publik\u00e1ciu <\/strong>navy\u0161e<strong> obohacuj\u00fa<\/strong> <strong>predhovory od v\u00fdznamn\u00fdch osobnost\u00ed<\/strong>. Prv\u00fd predhovor je od <strong>kardin\u00e1la<\/strong> <strong>Raymonda Lea Burka<\/strong>, b\u00fdval\u00e9ho prefekta Apo\u0161tolskej signat\u00fary, druh\u00fd od <strong>kardin\u00e1la Roberta Saraha<\/strong>, b\u00fdval\u00e9ho\u00a0prefekta Kongreg\u00e1cie pre Bo\u017e\u00ed kult a\u00a0discipl\u00ednu sviatost\u00ed, tret\u00ed od kazachstansk\u00e9ho pomocn\u00e9ho <strong>biskupa<\/strong> <strong>Mons.<\/strong> <strong>Athanasia Schneidera<\/strong>, \u0161tvrt\u00fd od v\u00fdznamn\u00e9ho <strong>americk\u00e9ho historika<\/strong> <strong>Charlesa Coulombeho<\/strong>, piaty od ko\u0161ick\u00e9ho <strong>arcibiskupa<\/strong> metropolitu <strong>Mons. Bernarda Bobera<\/strong>, \u0161iesty od <strong>ordin\u00e1ra<\/strong> ozbrojen\u00fdch s\u00edl a ozbrojen\u00e9ho zboru SR <strong>Mons. Franti\u0161ka R\u00e1beka<\/strong> a\u00a0siedmy od <strong>otca Mari\u00e1na Kuffu <\/strong>zo \u017dakoviec.<\/p>\n<p><strong>K\u013e\u00fa\u010dov\u00fdm odkazom knihy je n\u00e1dej. <\/strong>Panna M\u00e1ria prich\u00e1dza na tento svet ako miluj\u00faca a starostliv\u00e1 Matka. Prich\u00e1dza n\u00e1s varova\u0165 v\u00fdzvou na pok\u00e1nie, no z\u00e1rove\u0148 n\u00e1m prin\u00e1\u0161a slov\u00e1 n\u00e1deje: <strong>\u201eNakoniec zv\u00ed\u0165az\u00ed moje Nepo\u0161kvrnen\u00e9 Srdce\u201c <\/strong>a <strong>\u201eT\u00ed, ktor\u00ed mi bud\u00fa d\u00f4verova\u0165, bud\u00fa zachr\u00e1nen\u00ed.\u201c<\/strong> Je to n\u00e1dej pre v\u0161etk\u00fdch a je len na n\u00e1s, \u010di modlitbou posv\u00e4tn\u00e9ho ru\u017eenca a \u017eivotom pod\u013ea tejto modlitby stiahneme na seba a svojich bl\u00edzkych jej ochrann\u00fd pl\u00e1\u0161\u0165 a <strong>prid\u00e1me sa k triumfu jej Srdca.<\/strong><\/p>\n<p>\u201e<strong>V knihe <em>Triumf Srdca<\/em> je uveden\u00fd n\u00e1vod na \u0161\u0165astie. <\/strong>Panna M\u00e1ria Fatimsk\u00e1 je \u0161\u0165astn\u00fdm za\u010diatkom tvojho \u0161\u0165astn\u00e9ho konca tu na zemi a \u0161\u0165astn\u00fdm za\u010diatkom tvojho ve\u010dn\u00e9ho \u017eivota v nebi,\u201c <strong>uv\u00e1dza vo svojom pr\u00edhovore otec Mari\u00e1n Kuffa.<\/strong><\/p>\n<p><strong>N\u00e1h\u013ead knihy <\/strong>v .pdf forme si m\u00f4\u017eete <strong>stiahnu\u0165 <a href=\"http:\/\/www.triumfsrdca.sk\/wp-content\/uploads\/2017\/06\/Triumf-Srdca-Nahlad-knihy.pdf\">tu<\/a>.<\/strong><\/p>\n<p><strong>Knihu<\/strong> <strong><em>Triumf Srdca<\/em><\/strong> si m\u00f4\u017eete <strong>objedna\u0165<\/strong> prostredn\u00edctvom objedn\u00e1vkov\u00e9ho<strong> formul\u00e1ra na<\/strong> tomto <strong>webe<\/strong> alebo pomocou objedn\u00e1vkov\u00e9ho <strong>let\u00e1ku<\/strong>. Ak by ste n\u00e1m chceli <strong>pom\u00f4c\u0165 \u0161\u00edri\u0165 let\u00e1ky<\/strong> o tejto d\u00f4le\u017eitej knihe, <strong>nap\u00ed\u0161te n\u00e1m<\/strong>\u00a0na n\u00e1\u0161 email: <strong>info<img loading=\"lazy\" decoding=\"async\" class=\"wp-image-253 alignnone atsign\" src=\"http:\/\/www.desales.sk\/wp-content\/uploads\/2016\/09\/At_sign.svg_-300x300.png\" alt=\"\" width=\"13\" height=\"13\" \/>triumfsrdca.sk<\/strong>, alebo na adresu: <strong>In\u0161tit\u00fat sv\u00e4t\u00e9ho Franti\u0161ka Salesk\u00e9ho, P. O. Box 194, 814 99, Bratislava 1<\/strong>. Radi V\u00e1m ich<strong> za\u0161leme<\/strong>.<\/p>\n","protected":false},"excerpt":{"rendered":"<p>Pri pr\u00edle\u017eitosti 100. v\u00fdro\u010dia zjaven\u00ed Panny M\u00e1rie vo Fatime (13. m\u00e1ja \u2013 13. okt\u00f3bra 1917) vydal In\u0161tit\u00fat sv\u00e4t\u00e9ho Franti\u0161ka Salesk\u00e9ho knihu s\u00a0n\u00e1zvom Triumf Srdca. Ve\u013ek\u00e1 unik\u00e1tnos\u0165 tejto knihy spo\u010d\u00edva v tom, \u017ee okrem toho, \u017ee ve\u013emi dobre vykres\u013euje cel\u00fd priebeh zjaven\u00ed a zjaven\u00e9ho tajomstva, vysvet\u013euje aj z\u00e1kladn\u00e9 body, piliere t\u00fdchto zjaven\u00ed, \u010do znamenaj\u00fa pre \u017eivot &hellip; <\/p>\n<p class=\"link-more\"><a href=\"http:\/\/www.triumfsrdca.sk\/\" class=\"more-link\">Continue reading<span class=\"screen-reader-text\"> &#8220;O knihe&#8221;<\/span><\/a><\/p>\n","protected":false},"author":1,"featured_media":0,"parent":0,"menu_order":0,"comment_status":"closed","ping_status":"open","template":"","meta":{"footnotes":""},"class_list":["post-57","page","type-page","status-publish","hentry"],"_links":{"self":[{"href":"http:\/\/www.triumfsrdca.sk\/index.php?rest_route=\/wp\/v2\/pages\/57","targetHints":{"allow":["GET"]}}],"collection":[{"href":"http:\/\/www.triumfsrdca.sk\/index.php?rest_route=\/wp\/v2\/pages"}],"about":[{"href":"http:\/\/www.triumfsrdca.sk\/index.php?rest_route=\/wp\/v2\/types\/page"}],"author":[{"embeddable":true,"href":"http:\/\/www.triumfsrdca.sk\/index.php?rest_route=\/wp\/v2\/users\/1"}],"replies":[{"embeddable":true,"href":"http:\/\/www.triumfsrdca.sk\/index.php?rest_route=%2Fwp%2Fv2%2Fcomments&post=57"}],"version-history":[{"count":3,"href":"http:\/\/www.triumfsrdca.sk\/index.php?rest_route=\/wp\/v2\/pages\/57\/revisions"}],"predecessor-version":[{"id":85146,"href":"http:\/\/www.triumfsrdca.sk\/index.php?rest_route=\/wp\/v2\/pages\/57\/revisions\/85146"}],"wp:attachment":[{"href":"http:\/\/www.triumfsrdca.sk\/index.php?rest_route=%2Fwp%2Fv2%2Fmedia&parent=57"}],"curies":[{"name":"wp","href":"https:\/\/api.w.org\/{rel}","templated":true}]}}